er when 39 is divided by s.
11
Let d(u) = 2*u**2 + 1. Let z be d(-1). Let k = 0 + z. Suppose 11 = -k*w + 4*t, -2*w + 0*t + 5*t = 19. Calculate the remainder when 5 is divided by w.
2
Let n be (7 - 4) + 1 + -1. What is the remainder when (-5)/((-15)/84) - -3 is divided by 70/6 + (-2)/n?
9
Let p(d) = 9*d - 12. Calculate the remainder when p(9) is divided by 14.
13
Suppose -5*h = 0, c - 12 = 2*h + 16. What is the remainder when c is divided by 10?
8
Let d = 22 - -40. Calculate the remainder when d is divided by 8.
6
Let q(v) = -v**2 + 7*v + 2. Let n be q(7). Suppose -11 = -o - n. Suppose -k + 20 = -o. What is the remainder when k is divided by 15?
14
Let r = 4 - -1. Suppose 1 = t - 1. Calculate the remainder when r is divided by t.
1
Let t(i) = 2*i. Let l be t(1). Suppose -3*u - m + 90 = 0, u - l*u + 34 = -m. Calculate the remainder when 59 is divided by u.
28
Suppose -4*i + 80 = i. Let f(g) = g + 3. What is the remainder when i is divided by f(3)?
4
Let j = 12 + -19. Let f(r) = 8*r + 10. Let i be f(j). Let q = -20 - i. What is the remainder when q is divided by 14?
12
Let w = -10 + 15. Let l = 4 + w. Calculate the remainder when 17 is divided by l.
8
Suppose 2*f + 0*c - 5*c - 110 = 0, 3*f = c + 152. What is the remainder when f is divided by 11?
6
Suppose k - 5 = 11. Let c = 99 - 69. What is the remainder when c is divided by k?
14
Let c = 29 + -3. What is the remainder when c is divided by 10?
6
Suppose 2*k - 60 = -3*k. Calculate the remainder when 35 is divided by k.
11
Let p(q) = -q**2 - 9*q - 10. Let c = 4 - -3. Calculate the remainder when c is divided by p(-7).
3
Suppose 5 = 4*w - 15. Suppose -4 + 1 = y. Let d = w - y. What is the remainder when d is divided by 3?
2
Let i = -9 + 15. Let p be 100/15*i/4. What is the remainder when 7 is divided by 38/10 + 2/p?
3
Let n be (-15)/(((-21)/(-2))/(-7)). Let v = n - -18. Calculate the remainder when 111 is divided by v.
27
Suppose -5*w + 8 = -2*t, -4*w - 3*t + 10 = -t. What is the remainder when 4 - (2 + 1 + -3) is divided by w?
0
Let q(u) = u**3 + 17*u**2 - 37*u + 28. Calculate the remainder when q(-19) is divided by 7.
2
Let h = -17 - -38. Calculate the remainder when 26 is divided by h.
5
Suppose 3*w - 57 = -2*j - j, 5*j = 3*w + 55. What is the remainder when 33 is divided by ((3 + j)*1)/1?
16
Suppose -6 = -2*g - 2. Calculate the remainder when 32 is divided by 2 - 6 - (g - 23).
15
Let y(u) = 3*u**2 + 8*u + 8. Let i = -5 - -28. What is the remainder when y(-6) is divided by i?
22
Let y(o) = -o - 13. Let v be y(-6). Let t = -5 + 11. Calculate the remainder when 342/21 + 2/v is divided by t.
4
Suppose -2*m + 8 = -m. Suppose s = 5*s - 12. Suppose -5*q + 84 = s*l, -67 + 28 = -3*q + 2*l. What is the remainder when q is divided by m?
7
Suppose 5*a - 32 = -12. Let p(r) = r + 6. What is the remainder when p(5) is divided by a?
3
Let s(m) = m**3 - 2*m**2 - 19*m - 2. What is the remainder when 73 is divided by s(6)?
17
Let g = 190 + -54. Calculate the remainder when g is divided by 28.
24
Let n be 2/(-1 - 84/(-82)). Let d = n - 42. Let j = -2 + 16. What is the remainder when d is divided by j?
12
Suppose -d = 3*d - 80. What is the remainder when d is divided by 3*((-26)/(-6) - 2)?
6
Let f = 0 + 3. Suppose s - 14 = -4*z + 8, -s + f*z + 1 = 0. Calculate the remainder when 28 is divided by s.
8
Let p(t) be the first derivative of t**3/3 + 2*t**2 - 6*t + 3. Calculate the remainder when p(4) is divided by 9.
8
Let f(t) = 79*t**3 + 3*t**2 - t - 1. What is the remainder when f(1) is divided by 21?
17
Suppose -6*t + 3*t - 47 = -4*d, -3*d + 4*t + 44 = 0. What is the remainder when 27 is divided by d?
3
Suppose 0*g + 3 = -y - 3*g, 2*y - 5*g = 49. Calculate the remainder when 33 is divided by y.
9
Suppose -6*q = -3*q - 3. Suppose 12 = k + q. Let x(w) = -w**2 - 6*w - 2. What is the remainder when k is divided by x(-5)?
2
What is the remainder when (-8 + 2)/((-6)/20) is divided by 1/7 - (-304)/28?
9
Calculate the remainder when 80 is divided by 9/6*(-28)/(-3).
10
Let o = -5 - -7. Suppose 0 = -5*g - 5*h - 17 + 42, -o*g - 25 = -5*h. Suppose 2*i + i - 39 = g. What is the remainder when 24 is divided by i?
11
Let l = 26 + -15. Let a be 14/6 + (-1)/3. Let f = 8 - a. Calculate the remainder when l is divided by f.
5
Let b be (-510)/(-12) - (-1)/(-2). Let p = b + -4. Suppose -6*d + 5*q + p = -4*d, -5*q + 32 = 3*d. What is the remainder when 41 is divided by d?
13
Let c be 0/(-1 + 0 + 0). Suppose -5*v + 3*m + 5 = 0, -3*m = v - 7*m + 16. Suppose -2*j = -c*j - v. Calculate the remainder when 3 is divided by j.
1
Suppose 8*c - 176 = -64. Calculate the remainder when 65 is divided by c.
9
Let p(g) = -g**3 - 8*g**2 + 5. Let u be p(-8). Calculate the remainder when 97 is divided by 130/u - (-2)/(-2).
22
Let c(y) = 8*y - 5*y**3 - 8 + 5*y**2 + 5*y**3 - y**3. Let l(w) = w**3 - 3*w**2 - 3*w + 2. Let v be l(4). What is the remainder when c(v) is divided by 3?
1
Suppose -5*n = -2*g + 8 + 29, g = 2*n + 17. Calculate the remainder when 31/2*(-11 + 13) is divided by g.
9
Suppose c + 5*s = 8 + 4, 4*c + 4*s = 16. Suppose -4*w - 2*f + 58 = -296, 157 = c*w - 3*f. What is the remainder when w is divided by 22?
20
Calculate the remainder when 27 is divided by (12/(-14))/((-318)/(-84) - 4).
3
Suppose 0 = 3*m - 51. Suppose 3 = 2*c - 1. Suppose -y - 49 = -c*y. What is the remainder when y is divided by m?
15
Suppose 869 = 10*d + 99. Calculate the remainder when d is divided by 16.
13
Let y(m) = -m**3 + m. Suppose -3*l - l + 52 = 0. Calculate the remainder when y(-3) is divided by l.
11
Let o(c) be the second derivative of c**3/2 - c**2/2 + 3*c. Calculate the remainder when o(2) is divided by 3.
2
Let f(y) = 4*y - 55. Calculate the remainder when 51 + 0 - 0/1 is divided by f(17).
12
Let l be 0*(0 + 1/1). Suppose -2*a = -4*z + 2*a - 48, l = 3*z + a + 32. Let q = z - -19. What is the remainder when 22 is divided by q?
6
Suppose s + 3*x - 74 = 0, -4*s - x = -152 - 177. Calculate the remainder when s is divided by 17.
15
Let z = 48 + -38. Let l(x) = 5*x - 11*x - 1 + 0. What is the remainder when l(-5) is divided by z?
9
Suppose -3*o = -10*o + 161. What is the remainder when 91 is divided by o?
22
Suppose 2*b = 3*b - 8. What is the remainder when 14 is divided by (b/3)/(6/9)?
2
Let a be (1*-1)/(5/35). Let i = a + 17. Calculate the remainder when 48 is divided by i.
8
What is the remainder when 22 is divided by 2/(-10) - ((-46)/5 + -3)?
10
Suppose 14 = -4*p + 486. Suppose -59 - p = -3*w. Calculate the remainder when w is divided by 20.
19
Suppose 2*n = n + 5. Calculate the remainder when n is divided by 4.
1
Let b be (7 - 1)/(1 - 0). Let n(r) = r**3 + 6*r**2 + 5*r + 3. Calculate the remainder when n(-4) is divided by (5 - 1)/(b/12).
7
Let b(i) = i**3 - 6*i**2 - 2*i - 12. What is the remainder when 66 is divided by b(7)?
20
Suppose 0 = 5*x + 4*t - 191, 5*x = 2*x + 2*t + 97. Calculate the remainder when x is divided by 9.
8
Let m = 25 + -9. Let y(t) = -4*t - 25. What is the remainder when y(-14) is divided by m?
15
Let a be (-30)/(-8) - 3/(-12). Suppose -84 = 5*k - 3*w - 2, 44 = -a*k - 3*w. Let j = 23 + k. Calculate the remainder when j is divided by 5.
4
Let x(j) = 8*j - 3. Let y(b) = b**2 + 4*b - 2. Let u be y(-5). What is the remainder when 123*(1 - (-4)/(-6)) is divided by x(u)?
20
Suppose 4*y = 3*y - 2*o, 3*y - 3 = -3*o. Suppose -y*w + 13 = -39. Suppose w = 2*x + 8. What is the remainder when 16 is divided by x?
7
Let j = 19 - -2. Let i = 787 - 776. What is the remainder when j is divided by i?
10
Suppose 7*n = 3*n + 56. Let j(f) = f**2 - 3*f - 13. Suppose -2*d + 3 = 5*i, -4*i + 10 + 23 = 5*d. What is the remainder when j(d) is divided by n?
13
Suppose 0 = -5*r + 4*r - p + 15, -3*r + 13 = -5*p. Calculate the remainder when 24 is divided by r - ((4 - 2) + -4).
11
Suppose m = 55 + 32. What is the remainder when m is divided by 30?
27
Suppose 5*x = 8*x - 63. What is the remainder when x is divided by 3?
0
Suppose 9*a + 51 - 204 = 0. Let i(t) = 2*t**2 + 12*t. What is the remainder when i(-8) is divided by a?
15
Suppose -49 = -4*f + 3*g, -g + 16 = 3*f - 37. Calculate the remainder when f is divided by 11.
5
Let h(j) = -j**2 - 8*j + 3. Let p be h(-9). What is the remainder when 25 is divided by 10 - p*1/2?
12
Let j = 11 - 6. Calculate the remainder when 